{"id":125,"date":"2020-03-04T14:37:59","date_gmt":"2020-03-04T13:37:59","guid":{"rendered":"https:\/\/framnestrading.no\/?page_id=125"},"modified":"2020-05-05T13:08:42","modified_gmt":"2020-05-05T12:08:42","slug":"vaskehall","status":"publish","type":"page","link":"https:\/\/framnestrading.no\/?page_id=125","title":{"rendered":"Vaskehall"},"content":{"rendered":"\n<p>Vi p\u00e5st\u00e5r at vi har en  av Norges beste og fineste vaskehaller. <br>P\u00e5 omr\u00e5det til Mandal Bil (J\u00e5bekk\/rett f\u00f8r det nye fengselet)  tilbyr vi en maskinvaskehall og to selvvaskehaller.<br><\/p>\n\n\n\n<p>Alle fasiliteter med bl.a: H\u00f8ytrykk, avfetting, skum og voks + underspyling og st\u00f8vsuger.<br>Vaskekort : Vi tilbyr firmaavtaler og privatpersoner f\u00e5r ogs\u00e5 rabatt ved bruk av vaskekort.  Enkle oversiktlige menyer.  Vaskehallene har \u00e5pent 24 timer, hele \u00e5ret!<\/p>\n\n\n\n<p><br>Ta kontakt for tilbud og informasjon.<\/p>\n","protected":false},"excerpt":{"rendered":"<p>Vi p\u00e5st\u00e5r at vi har en av Norges beste og fineste vaskehaller. P\u00e5 omr\u00e5det til Mandal Bil (J\u00e5bekk\/rett f\u00f8r det nye fengselet) tilbyr vi en maskinvaskehall og to selvvaskehaller. Alle fasiliteter med bl.a: H\u00f8ytrykk, avfetting, skum og voks + underspyling og st\u00f8vsuger.Vaskekort : Vi tilbyr firmaavtaler og privatpersoner f\u00e5r ogs\u00e5 rabatt ved bruk av vaskekort. &hellip; <\/p>\n<p class=\"link-more\"><a href=\"https:\/\/framnestrading.no\/?page_id=125\" class=\"more-link\">Fortsett \u00e5 lese<span class=\"screen-reader-text\"> \u00abVaskehall\u00bb<\/span><\/a><\/p>\n","protected":false},"author":1,"featured_media":0,"parent":0,"menu_order":0,"comment_status":"closed","ping_status":"closed","template":"","meta":{"footnotes":""},"class_list":["post-125","page","type-page","status-publish","hentry"],"_links":{"self":[{"href":"https:\/\/framnestrading.no\/index.php?rest_route=\/wp\/v2\/pages\/125","targetHints":{"allow":["GET"]}}],"collection":[{"href":"https:\/\/framnestrading.no\/index.php?rest_route=\/wp\/v2\/pages"}],"about":[{"href":"https:\/\/framnestrading.no\/index.php?rest_route=\/wp\/v2\/types\/page"}],"author":[{"embeddable":true,"href":"https:\/\/framnestrading.no\/index.php?rest_route=\/wp\/v2\/users\/1"}],"replies":[{"embeddable":true,"href":"https:\/\/framnestrading.no\/index.php?rest_route=%2Fwp%2Fv2%2Fcomments&post=125"}],"version-history":[{"count":2,"href":"https:\/\/framnestrading.no\/index.php?rest_route=\/wp\/v2\/pages\/125\/revisions"}],"predecessor-version":[{"id":228,"href":"https:\/\/framnestrading.no\/index.php?rest_route=\/wp\/v2\/pages\/125\/revisions\/228"}],"wp:attachment":[{"href":"https:\/\/framnestrading.no\/index.php?rest_route=%2Fwp%2Fv2%2Fmedia&parent=125"}],"curies":[{"name":"wp","href":"https:\/\/api.w.org\/{rel}","templated":true}]}}